s the value of (13 - 3) + -35 + 26 + 10?
11
What is the value of 0 - (-33 - (-14 - 16))?
3
Evaluate 16 + 41 - 62 - (2 - (27 - -1)).
21
What is the value of -14 + 18 + 10 + -10 + 2 + -20?
-14
Evaluate -3 + -10 + (6 - 2).
-9
What is (213 - 210) + (-9 - 6)?
-12
What is the value of 7 + 6 + -21 + 5 - -17?
14
15 + -8 - 11 - (1 - (1 - 6))
-10
Evaluate -5 - (-73 - -77) - (1 + 9).
-19
What is the value of -113 + 74 + (42 - 15)?
-12
What is the value of 22 + -3 + 2 + 2 + -4?
19
-3 - (-1 + (12 - 0)) - 1
-15
Evaluate 32 - (-14 - -26) - 4.
16
Evaluate 12 - -1 - (50 + -12 + -8).
-17
Evaluate 11 + -8 + 4 - ((6 - -7) + -2).
-4
-81 - -56 - -39 - (33 - -1)
-20
What is -6 - -2 - (-2 + 9 + -15)?
4
23 + -32 - (0 + 2 - (-36 + 43))
-4
Evaluate -13 + 15 + -2 + 2.
2
What is 4 - -5 - (-8 - 23 - -4)?
36
What is -6 - (-6 - -3) - ((-6 - 4) + 9)?
-2
What is the value of 81 + -98 + (3 - -5)?
-9
What is the value of (2 - 6) + 14 + -8 + -4 - -10?
8
-24 + 35 + 1 + 2 + 0
14
What is (21 - (-18 + 15)) + -28?
-4
What is -26 + 34 + -22 + -14?
-28
Calculate 0 + -26 - (23 + -39).
-10
Evaluate (2 - -2 - (-8 - -11)) + 6 + -1.
6
Evaluate (6 - ((8 - 6) + (6 - 4))) + -5.
-3
-1 + (5 - 13 - -12) - (15 - -1)
-13
What is (0 - -9) + (0 - -3 - -1) + -2?
11
What is 13 + -54 - -6 - -21?
-14
(-10 - 0) + (17 - 27 - -4)
-16
What is the value of (11 - 5) + -22 - 6?
-22
What is the value of (20 + -42 - -23) + -23?
-22
30 - 12 - 26 - (12 - 0)
-20
(6 + -11 - (-44 - -22)) + -12
5
Evaluate (10 + 2 - (-4 + 16)) + 4.
4
Evaluate (0 - 12) + 39 + (-36 - -29).
20
Evaluate 14 - (-21 + -12 + 29).
18
1 + (3 + 9 + -13 + 10 - 6)
4
Evaluate (-5 - 0) + (71 - 43 - 23).
0
Calculate -7 + (5 - 1) - -9.
6
Evaluate 10 - 15 - -10 - 10.
-5
What is 13 - (13 - (-8 + 15)) - 8?
-1
-24 - (1 - 12 - 12)
-1
-28 + 52 + -1 - -1
24
Evaluate (33 - 4 - 24) + (0 - 6).
-1
(-57 - -8 - -53) + 16 + -1
19
69 + -67 - (4 + -3)
1
(21 + -5 - 20) + 24 + (-2 - -2)
20
19 + (9 + -61 - -23)
-10
What is -14 + 21 - (0 + -6 + 1 - -1)?
11
What is (5 - -4 - 14) + -10 + 1?
-14
What is the value of (8 + -13 - -4) + -14 + -1?
-16
What is -1 + 0 - (10 - (21 - (2 - -11)))?
-3
Calculate 37 + -14 + -30 + 5 + 0.
-2
What is 7 + 5 + (-11 - -9)?
10
What is 21 + -22 - 6 - -15?
8
Calculate (6 - (-23 + 11)) + -20.
-2
7 - (-10 + -1 + (8 - -40) + -2)
-28
Calculate -7 + 2 + (-5 - -4) + 4 + 9.
7
What is the value of -19 + 17 + -13 + 22?
7
-4 - (0 - 14 - (39 + -49))
0
What is the value of -11 + (3 - (16 + -10 + 2))?
-16
Evaluate -7 + (0 + -5 + -5 - -20).
3
What is (-1 - -3) + 4 - ((-3 - 1) + 12)?
-2
What is the value of -6 + (12 - 0) + (-41 - -27)?
-8
-5 - (5 + -1 + (7 - 15))
-1
Evaluate 3 + -8 + 7 + (0 - 4).
-2
What is the value of 21 - (10 + -20) - 18?
13
10 + 1 + (-62 - -54) - 0
3
Calculate -15 - (-46 - -18 - 8).
21
Evaluate 1 - -13 - (13 + 6 + -9).
4
Evaluate (-8 + 16 - (-2 + (-3 - -6))) + 21.
28
What is -8 - (0 + 1) - (-62 - -49)?
4
17 - ((18 - 12) + -10 + -2)
23
What is 23 + -36 + (-24 - -36)?
-1
Evaluate 13 + (6 - 7) + -4 + 5 - 6.
7
Calculate 2 - (14 + -6) - (-5 - (-23 - -5)).
-19
11 + (1 + -3 - -2 - (5 + -6))
12
What is -2 + 5 + -1 + 4 - (-4 - -4)?
6
What is -3 + -5 + (3 - 2) + 9?
2
What is -5 - (2 + -16) - 8 - 10?
-9
Evaluate -27 + (-26 - (-55 + 17)).
-15
What is 14 + (-7 + -6 - -17) - -4?
22
What is -3 + (-1 - -3) - (2 + -36 + 50)?
-17
What is the value of 0 + -16 - (-205 + 200)?
-11
What is 3 + 0 + 2 + 46 + -61?
-10
Calculate 0 - (5 - (-31 - -34)).
-2
What is (-1 - 11) + (13 - 23 - -18) + -11?
-15
Calculate 60 + -47 - ((-12 - -2) + -1).
24
Calculate (0 + -5 - -10) + (9 - 8).
6
What is (-6 - (-29 - -7)) + -3 - 2?
11
What is the value of -270 + 278 + (-2 - -2 - (-1 + -17))?
26
(-25 - (-20 + 1)) + 5 + -33
-34
What is (-4 - -3) + (1 - (3 + -7)) + -2?
2
Evaluate (3 + 3 - 5) + -8 + 7 + -18.
-18
What is the value of (-7 - 6 - -6) + (0 - -7 - 3)?
-3
Evaluate -10 + 11 + -1 + 0 - (-3 + -5).
8
(-1 - -6) + -3 + 2 - (8 + -1)
-3
Calculate -586 - -601 - (1 - -11).
3
39 + -38 - (0 - 3 - -2) - 1
1
Calculate 15 + (-24 + -48 - -42).
-15
What is the value of -1 + 7 - -1 - (23 + 6 + -5)?
-17
What is the value of 10 - (-4 + (20 - 24))?
18
What is -6 - ((-2 - -9) + 26 + -33 - -4)?
-10
Evaluate (0 - -20) + (1566 - 1585).
1
Calculate 274 - 272 - (6 + (0 - -1)).
-5
Calculate -65 + 34 + 9 + -4 + 0 + 4.
-22
Evaluate -1 + 7 - (9 - (-7 + 19)).
9
What is the value of -7 + (6 - ((-2 - 2) + -3 + 4))?
2
Calculate -13 + -1 + 3 + 3.
-8
Calculate 9 + (0 - 8) + 3.
4
11 + (4 - (-8 - (11 + -32)))
2
What is the value of -2 + -7 - (-24 + 35)?
-20
Calculate 85 - 94 - (2 - 0) - -11.
0
2 + -2 - (50 + -53) - (2 + 1)
0
(-15 - (-36 + 2) - 25) + (22 - 0)
16
Evaluate -20 + -19 + 36 - -4.
1
What is the value of 1 + -1 + 0 + -8 + 167 + -171?
-12
Evaluate (3 + -1 - (-4 + 3)) + -2 + 2.
3
What is the value of -23 + (83 + -2 - 40)?
18
What is 1 - -29 - 22 - (-1 + 12) - 8?
-11
-12 + -1 + 2 - (-25 + 34 - 15)
-5
What is the value of -21 - (21 + (-6 - 24))?
-12
14 + (-24 + 29 - (9 + 0))
10
(-51 - -46) + -4 + -4 + 0
-13
What is -3 + 9 + -19 + 25?
12
(-7 - -14 - 1) + -39 - -14
-19
Evaluate (8 - (-10 + 7)) + (-1 - 2) + 18.
26
What is the value of -34 + 31 - 9 - 9?
-21
Evaluate (-9 - -11 - 9) + -3 + -4.
-14
Evaluate (-1 - 18) + (-15 - -20 - 2) + 2.
-14
Evaluate 97 + -111 + -17 + (-6 + 1 - 0).
-36
What is -29 - 8 - (-56 + 10)?
9
Calculate 11 + 20 - 27 - (-2 - -16).
-10
Evaluate (-3 - -8) + -10 + -6 + (1 - -2).
-8
What is 2 + (-9 - -13 - (-2 + 4 + -1))?
5
20 - -1 - (-51 + 66)
6
What is the value of (66 - 81) + 11 + (5 - -1)?
2
What is -3 - 4 - (-8 + (6 - 3)) - -9?
7
Calculate -2 + -4 + (1 - (-2 + 8 - 6)).
-5
What is the value of -21 + -4 - (8 + -10 + -11)?
-12
27 + (-11 - (-11 - -13)) - 31
-17
Calculate 6 + (-6 - (7 - (4 - -3))).
0
4 + 1 + 2 + 0 - (0 - -4)
3
Evaluate (0 - (-40 + 23)) + (-4 - 7).
6
Evaluate (-26 - 9) + 20 + 1.
-14
Calculate -7 - (-1 + 0 - 0 - (-24 + 21)).
-9
Evaluate -10 - 1 - (0 - ((13 - 4) + -15)).
-17
Calculate -41 + 16 + 2 + 10.
-13
What is -2 - 13 - (14 + -21)?
-8
Calculate (-9 - (-14 - -2)) + -10 + -2 + 6.
-3
What is the value of (-7 - -13 - 4) + -5 - -16?
13
Calculate -4 + (-34 - (-13 - 8)).
-17
What is 4 - (1 - -1) - (3 + 1 + 3)?
-5
What is 6 - (-9 - -11) - (10 - 0)?
-6
What is the value of (-14 - (-25 + -17)) + -10?
18
What is the value of 155 + -132 - (-1 - -22)?
2
What is the value of 3 + (7 + -1 - (-6 - (-1 - 11)))?
3
-8 + 23 + 3 + -8
10
What is the value of (-23 - -15) + -2 + -1 + 4?
-7
Calculate (2 - 23) + (-123 - -140).
-4
Calculate -1 + 2 + 11 - (37 - (72 - 30)).
17
What is the value of (1 - -6) + (11 - (0 + 35))?
-17
What is 1 + -9 - -13 - (4 - 5)?
6
What is 1 + (0 - (-5 + 11)) + (-2 - -9)?
2
-4 + 19 + -25 + (1 - -12)
3
1 + -20 + -15 + 18 + 32
16
What is -55 + (10 - -16) - -39?
10
What is -49 + -15 + 44 - -45?
25
What is -22 + 2 + -3 + 1 + -11 + 15?
-18
What is the value of (31 + 26 - 39) + -24?
-6
Evaluate 12 - (2 + 1 + 0 + 28 + -29).
10
What is (-4 - -4) + (7 - 23) + (-3 - -11)?
-8
What is -22 + 4 - (4 - (10 + (-16 - -9)))?
-19
Calculate (-8 - (-19 + -2 - -6)) + 1 + 1.
9
-78 + 81 + (-38 - -8)
-27
What is (-11 - -5) + 16 + (0 - 0)?
10
What is 10 + (4 - (-2 + 7 + -8 + 6))?
11
Evaluate (-4 - 0) + 12 + -6 + -7 + -3.
-8
What is (-6 - (-14 + 10) - 3) + (-1 - -19)?
13
What is -5 + -14 + 18 + -14?
-15
1 + 5 - -50 - (18 - 0)
38
Evaluate (-4 - 2) + 7 - (-4 - 2) - 2.
5
Evaluate -36 + (-23 + 85 - 27).
-1
What is the value of (-5 - -10) + -10 + 16 + (-2 - 2)?
7
Evaluate (7 - -2) + 4 + -22.
-9
What is (-2 - 4 - (-6 + -3)) + -5?
-2
What is -7 + (-11 + -2 - -24) + 19?
23
-2 + (0 + 0 + 30 - (-97 + 99))
26
Evaluate 1 + -18 - (32 + (18 - 46)).
-21
What is 7 + 4 + -6 + (0 - -4)?
9
Evaluate 15 + -15 + -14 + 9.
-5
0 - ((50 + -30 - (8 + 0)) + -15)
3
-6 + 8 + 1 - (-3 + -2 + -6)
14
What is the value of (10 - 23) + -2 + 17?
2
-10 - ((-42 - -23) + 6 + 1)
2
What is the value of -5 + 0 + 8 + 13 + -28?
-12
41 + -37 + (-12 - -3) + (1 - -2)
-2
What is -21 + (9 - -9) + (0 - -1) - -12?
10
What is the value of 6 + 0 + (2 - 0) + -16 + 7?
-1
What is the value of -8 + -22 + 39 + -1 + -11?
-3
What is -17 - -14 - (2 + -2)?
-3
What is 41 - (-16 + 39 + 37)?
-19
Evaluate -18 + (-24 + 23 + 2 - (-5 - -1)).
-13
What is the value of 29 - (25 + -36 + 23)?
17
Calculate 280 + -311 - (-1 + -13).
-17
Evaluate -7 + -14 + (-1 - -15) + 3 + -10.